at is 2236848 - -3a?
2236887
In base 13, what is 11a1c - 926?
110c6
In base 12, what is 8724279 + -5?
8724274
In base 12, what is a - 377869b?
-3778691
In base 4, what is 33312002112 + 1023?
33312003201
In base 9, what is 120224 - 546?
118567
In base 12, what is -20278b1 - 7?
-20278b8
In base 11, what is -22525 + 1275?
-21260
In base 6, what is 1155 + -1034424?
-1033225
In base 8, what is 21443706 - -4?
21443712
In base 2, what is 1111010010001000001 + 1110?
1111010010001001111
In base 10, what is 4 - -87310?
87314
In base 16, what is -2320c9 - -33?
-232096
In base 5, what is -11 + 2403420222?
2403420211
In base 9, what is 1412027 - 64?
1411853
In base 12, what is -47076b56 + -1?
-47076b57
In base 8, what is 4112755 + 1201?
4114156
In base 10, what is -482 + 1131?
649
In base 2, what is 1110000000100101000110110 + -11?
1110000000100101000110011
In base 7, what is 364 - -30006142?
30006536
In base 9, what is 123634081 - -5?
123634086
In base 2, what is -1 + -10100000010011001100101?
-10100000010011001100110
In base 9, what is 70 + -3766008?
-3765828
In base 7, what is -5 - -2306635255?
2306635250
In base 14, what is -3d7 + -9a81?
-a078
In base 4, what is -3 + 11310011221?
11310011212
In base 10, what is -28 + -11431774?
-11431802
In base 16, what is 280 + 762?
9e2
In base 15, what is -6e53cd38 + 4?
-6e53cd34
In base 12, what is -2ab1778 - -a2?
-2ab1696
In base 10, what is 1193079 - -2?
1193081
In base 14, what is -4 + 409c69?
409c65
In base 13, what is 19b3 - 28459?
-26776
In base 12, what is 2b98655 + -7?
2b9864a
In base 15, what is -8 - 2e7b56?
-2e7b5e
In base 6, what is 413004 - 1130?
411434
In base 10, what is -173 - 136158?
-136331
In base 9, what is -2 - -24825556?
24825554
In base 15, what is -ab + -94da?
-9596
In base 7, what is 0 + 3464026255?
3464026255
In base 3, what is 1012 - -20121220100?
20121221112
In base 12, what is 63036 - 2b1?
62945
In base 9, what is -1562014075 + 0?
-1562014075
In base 14, what is 15d7a + -8a2?
154b8
In base 13, what is -772c991 + 0?
-772c991
In base 8, what is -402632 + -34?
-402666
In base 8, what is -220423 - 1126?
-221551
In base 5, what is -1340 + 20410101?
20403211
In base 8, what is 40 - -5212350?
5212410
In base 8, what is -14 - 37165?
-37201
In base 13, what is c5 - 33806?
-33711
In base 12, what is -6 + 80bb74?
80bb6a
In base 3, what is 2202112002 - 1020?
2202110212
In base 4, what is 1001300130 + -3201?
1001230323
In base 12, what is 0 - 802b5374?
-802b5374
In base 3, what is 120 + 1112100011021?
1112100011211
In base 6, what is -3 + -5053533?
-5053540
In base 15, what is -680 - -1d66?
16d6
In base 3, what is 10211 - -22121002210?
22121020121
In base 4, what is -20133120 + -31003?
-20230123
In base 11, what is -801a084 - 0?
-801a084
In base 14, what is 26 - 267d37?
-267d11
In base 12, what is -18 - -16b21b?
16b203
In base 7, what is 264 + 1032663?
1033260
In base 15, what is -415 - -1e3b7?
1dea2
In base 2, what is 10001110011001000 + -10101101?
10001110000011011
In base 2, what is 1000000111010100 + 11110010101110?
1011111010000010
In base 15, what is -50ce - -235?
-4d99
In base 5, what is -1101 + 14140?
13034
In base 7, what is -5 - -13002500?
13002462
In base 16, what is -40 + -5bbbd?
-5bbfd
In base 16, what is 6820 - 11b?
6705
In base 2, what is 100111110101010001 - 111101?
100111110100010100
In base 12, what is 2a753 + 4?
2a757
In base 4, what is -3 - -111301103?
111301100
In base 4, what is -13 - -10201133101?
10201133022
In base 2, what is 10011001101100011101011101 + 111?
10011001101100011101100100
In base 12, what is 2153 - 1170?
ba3
In base 5, what is 0 + 3101334121?
3101334121
In base 5, what is -123 + 21201301?
21201123
In base 13, what is c69 - 17c?
aba
In base 9, what is -270 - 71447?
-71727
In base 14, what is -194c7 + -4?
-194cb
In base 6, what is -4 - 245415305?
-245415313
In base 13, what is c64 - -3b3?
1347
In base 6, what is -31100001210 + 2?
-31100001204
In base 9, what is 233114 - -140?
233254
In base 12, what is 2 + -5937859?
-5937857
In base 15, what is 18 - 5aec0?
-5aea7
In base 11, what is 8414013a + 5?
84140144
In base 12, what is -4 - 2a43968?
-2a43970
In base 3, what is -2222021 + -1201122212?
-1211122010
In base 6, what is -35235 - -1402133?
1322454
In base 7, what is -2235026 - 236?
-2235265
In base 11, what is 313 - 93104?
-928a1
In base 7, what is 16466625 - -42?
16500000
In base 11, what is a39 - 35943?
-34a05
In base 4, what is -22102020331010 + 11?
-22102020330333
In base 10, what is -9013 + 212?
-8801
In base 15, what is 6540a9 + 6?
6540b0
In base 4, what is -312221000 - -12?
-312220322
In base 9, what is -18775 - 462?
-20347
In base 5, what is 4 - -11113221442?
11113222001
In base 15, what is -13 + -1b4ec2?
-1b4ed5
In base 7, what is 124 + -32262143?
-32262016
In base 16, what is 28 + -472d?
-4705
In base 5, what is -10 + 1301222230321?
1301222230311
In base 6, what is -125520 - 20312?
-150232
In base 6, what is -110 + -431210?
-431320
In base 14, what is -34d536a + 31?
-34d5339
In base 8, what is -5 + 364161?
364154
In base 10, what is 73367 + 0?
73367
In base 12, what is 0 + -10451010?
-10451010
In base 15, what is 588 - -84b7?
8a50
In base 11, what is 7 + 11762a33?
11762a3a
In base 12, what is -a68 + 6288?
5420
In base 6, what is 3 - -45325004?
45325011
In base 10, what is 1 - -1679051?
1679052
In base 12, what is 2b - -1b228?
1b257
In base 12, what is 14003 - 883?
13340
In base 4, what is -3 + -311000003310?
-311000003313
In base 8, what is -2224621 + 362?
-2224237
In base 11, what is 5 + 8291957?
8291961
In base 3, what is -101122120221 + -1000?
-101122121221
In base 8, what is -56 + -6711562?
-6711640
In base 13, what is 3 - 2018c410?
-2018c40a
In base 2, what is -11011000000 + 10011110110010?
10000011110010
In base 7, what is 6304551 - 1?
6304550
In base 9, what is -328 + 178527?
178188
In base 14, what is 356441 - 3?
35643c
In base 11, what is 712112 + 3?
712115
In base 9, what is 43 - -1553527?
1553571
In base 12, what is 24 + 506194?
5061b8
In base 10, what is 20 - -53326?
53346
In base 11, what is 612 + -62760?
-62149
In base 12, what is -24 - -3602ab?
360287
In base 2, what is -1010110001 + 111001010011100?
110111111101011
In base 7, what is 5 - 461212316?
-461212311
In base 5, what is 202320222301 + 20?
202320222321
In base 6, what is -101342300503 + -2?
-101342300505
In base 7, what is 131 + -11205460?
-11205326
In base 9, what is 56134 + 1385?
57530
In base 16, what is -2d4da - -f49?
-2c591
In base 12, what is -134 - -63b42?
63a0a
In base 7, what is -1214 - -52456?
51242
In base 11, what is 949a - 248?
9252
In base 15, what is 40eb + 1507?
5603
In base 14, what is 0 - -3588255?
3588255
In base 8, what is 31324 + -44?
31260
In base 7, what is 11556524 + -1?
11556523
In base 8, what is -472 - -5363?
4671
In base 13, what is -12 + -159930?
-159942
In base 11, what is -375217 - 50?
-375267
In base 4, what is -123210 + -32313211?
-33103021
In base 10, what is -19123744 + -20?
-19123764
In base 2, what is -1100110110001 - -11100011001?
-1001010011000
In base 9, what is -4151850501 + 1?
-4151850500
In base 4, what is -2200132 - 3033?
-2203231
In base 8, what is -1421550 - -11?
-1421537
In base 9, what is 34 - 408765?
-408731
In base 12, what is 3177a9a - -35?
3177b13
In base 13, what is -44c8 - -1965?
-2863
In base 15, what is 0 + -1a98d9?
-1a98d9
In base 2, what is 101 + 1111100010100001111001010?
1111100010100001111001111
In base 5, what is -20032243 + 401?
-20031342
In base 5, what is 3143 - 21310013?
-21301320
In base 16, what is 76c1 + -467?
725a
In base 6, what is 115 + 354342322?
354342441
In base 10, what is 11732633 - -17?
11732650
In base 10, what is 0 - 2258911?
-2258911
In base 7, what is -122 - -6113113?
6112661
In base 3, what is -20212210011220 + 2?
-20212210011211
In base 7, what is 451341630 - 0?
451341630
In base 10, what is -1517914 + 1?
-1517913
In base 12, what is 2 + -b5a1576?
-b5a1574
In base 6, what is 1 + -142331324?
-142331323
In base 7, what is -113224235 - -255?
-113223650
In base 10, what is 1865723 - 42?
1865681
In base 2, what is 110011001101011000101100 + 110011?
110011001101011001011111
In base 11, what is 96 - 117895?
-1177aa
In base 15, what is 90 + a4702?
a4792
In base 6, what is -144455432 + -33?
-144455505
In